 greatest common divisor of 72 and 1908?
36
Calculate the highest common divisor of 44 and 286.
22
What is the greatest common factor of 114 and 171?
57
Calculate the greatest common factor of 46 and 253.
23
Calculate the highest common divisor of 50 and 8.
2
What is the greatest common divisor of 28 and 63?
7
Calculate the greatest common factor of 8 and 12.
4
What is the greatest common factor of 64 and 4304?
16
What is the greatest common factor of 6497 and 178?
89
What is the greatest common factor of 192 and 264?
24
Calculate the highest common divisor of 681 and 3632.
227
What is the greatest common factor of 264 and 48?
24
What is the greatest common divisor of 1219 and 23?
23
What is the highest common divisor of 2125 and 17?
17
Calculate the highest common divisor of 244 and 1159.
61
What is the greatest common factor of 410 and 82?
82
What is the greatest common factor of 156 and 2052?
12
What is the highest common factor of 1508 and 348?
116
Calculate the greatest common factor of 29 and 3103.
29
Calculate the greatest common factor of 5795 and 95.
95
What is the highest common divisor of 15745 and 470?
235
What is the greatest common divisor of 42 and 1680?
42
What is the highest common factor of 1012 and 44?
44
Calculate the highest common divisor of 1932 and 621.
69
What is the highest common factor of 74 and 22866?
74
What is the highest common divisor of 620 and 80?
20
Calculate the highest common factor of 44 and 64.
4
What is the highest common divisor of 24 and 264?
24
What is the greatest common divisor of 261 and 18?
9
Calculate the highest common divisor of 28 and 427.
7
Calculate the greatest common divisor of 78 and 3354.
78
Calculate the highest common divisor of 6 and 990.
6
Calculate the greatest common factor of 128 and 6080.
64
Calculate the greatest common factor of 1247 and 129.
43
Calculate the greatest common divisor of 110 and 220.
110
What is the greatest common factor of 68 and 17?
17
What is the greatest common divisor of 224 and 1376?
32
Calculate the greatest common factor of 123526 and 13.
13
What is the greatest common factor of 4 and 43?
1
Calculate the highest common factor of 10 and 50.
10
Calculate the highest common factor of 70 and 630.
70
What is the highest common factor of 53 and 8639?
53
What is the greatest common divisor of 5 and 2945?
5
What is the highest common divisor of 53 and 4?
1
What is the highest common factor of 25 and 915?
5
Calculate the greatest common factor of 980 and 1120.
140
Calculate the highest common factor of 30 and 6810.
30
Calculate the highest common divisor of 316 and 132.
4
Calculate the greatest common divisor of 504 and 644.
28
Calculate the highest common divisor of 122 and 2318.
122
What is the greatest common factor of 272 and 748?
68
Calculate the highest common divisor of 27 and 87.
3
What is the greatest common factor of 9255 and 10?
5
Calculate the greatest common factor of 485 and 1649.
97
Calculate the highest common factor of 29589 and 63.
21
What is the highest common divisor of 292 and 9709?
73
What is the highest common factor of 75 and 675?
75
What is the highest common divisor of 20 and 130?
10
What is the greatest common divisor of 3150 and 36?
18
What is the greatest common factor of 9238 and 93?
31
What is the greatest common factor of 1430 and 440?
110
Calculate the greatest common factor of 850 and 75.
25
What is the greatest common factor of 46 and 14?
2
What is the greatest common divisor of 41 and 328?
41
Calculate the greatest common divisor of 410 and 80.
10
What is the highest common divisor of 375 and 135?
15
Calculate the highest common divisor of 8744 and 8.
8
Calculate the greatest common divisor of 58 and 377.
29
What is the greatest common factor of 35 and 3?
1
What is the highest common factor of 20 and 60?
20
What is the greatest common divisor of 1135 and 85?
5
Calculate the highest common factor of 4187 and 79.
79
What is the highest common divisor of 96 and 12?
12
What is the highest common factor of 11 and 11?
11
What is the highest common factor of 47 and 611?
47
Calculate the greatest common divisor of 96970 and 10.
10
What is the greatest common factor of 213 and 71?
71
What is the greatest common factor of 390 and 240?
30
What is the greatest common divisor of 1 and 2053?
1
Calculate the highest common divisor of 750 and 15.
15
What is the greatest common factor of 270 and 117?
9
What is the greatest common divisor of 2982 and 2414?
142
Calculate the greatest common divisor of 58 and 1.
1
What is the greatest common factor of 408 and 119?
17
What is the greatest common divisor of 30 and 30?
30
What is the greatest common factor of 16537 and 92?
23
What is the highest common divisor of 16 and 1868?
4
What is the highest common factor of 3151 and 230?
23
What is the greatest common factor of 28 and 651?
7
Calculate the greatest common divisor of 42 and 138.
6
Calculate the greatest common factor of 3 and 19.
1
What is the greatest common factor of 1458 and 270?
54
What is the highest common factor of 30 and 300?
30
Calculate the greatest common factor of 3060 and 100.
20
Calculate the greatest common factor of 3124 and 660.
44
What is the greatest common divisor of 58 and 145?
29
What is the highest common divisor of 1216 and 16?
16
Calculate the greatest common factor of 425 and 34.
17
Calculate the highest common divisor of 588 and 36.
12
Calculate the highest common divisor of 15 and 45.
15
What is the highest common factor of 272 and 48?
16
What is the highest common factor of 64 and 1664?
64
Calculate the greatest common divisor of 76 and 4.
4
Calculate the greatest common divisor of 2340 and 150.
30
Calculate the highest common divisor of 1472 and 3496.
184
What is the greatest common divisor of 1035 and 9?
9
Calculate the highest common divisor of 25 and 16175.
25
Calculate the highest common factor of 8 and 424.
8
Calculate the highest common factor of 15 and 129.
3
Calculate the highest common factor of 263 and 1.
1
Calculate the highest common divisor of 125 and 275.
25
What is the highest common factor of 40 and 17856?
8
What is the highest common divisor of 2800 and 672?
112
What is the highest common factor of 14 and 14966?
14
Calculate the greatest common factor of 70 and 42.
14
What is the highest common divisor of 98 and 196?
98
What is the greatest common divisor of 94 and 4606?
94
What is the greatest common divisor of 1010 and 10?
10
Calculate the highest common divisor of 2054 and 632.
158
Calculate the highest common factor of 3864 and 156.
12
What is the highest common divisor of 1310 and 8122?
262
Calculate the greatest common divisor of 20754 and 18.
18
Calculate the highest common factor of 116 and 522.
58
What is the highest common divisor of 423 and 282?
141
Calculate the highest common factor of 48 and 7320.
24
What is the greatest common factor of 3355 and 165?
55
What is the greatest common factor of 14 and 6349?
7
Calculate the highest common factor of 8 and 7096.
8
Calculate the highest common factor of 392 and 184.
8
Calculate the greatest common divisor of 65 and 104.
13
What is the highest common divisor of 848 and 53?
53
Calculate the greatest common divisor of 1275 and 2465.
85
Calculate the highest common divisor of 132 and 24.
12
Calculate the greatest common factor of 1370 and 411.
137
What is the highest common divisor of 112 and 896?
112
What is the greatest common factor of 15 and 159390?
15
What is the greatest common divisor of 335 and 1742?
67
Calculate the highest common factor of 240 and 96.
48
Calculate the highest common factor of 1265 and 115.
115
What is the greatest common divisor of 228 and 5168?
76
Calculate the greatest common divisor of 10 and 575.
5
Calculate the greatest common factor of 10 and 970.
10
Calculate the highest common divisor of 196 and 100.
4
Calculate the highest common divisor of 604 and 4.
4
Calculate the highest common factor of 120 and 396.
12
Calculate the highest common divisor of 7 and 56.
7
What is the highest common factor of 7 and 763?
7
What is the highest common factor of 20 and 16570?
10
What is the greatest common factor of 740 and 8?
4
What is the greatest common divisor of 621 and 161?
23
What is the greatest common divisor of 13